{"id":200915,"date":"2026-02-15T15:40:41","date_gmt":"2026-02-15T12:40:41","guid":{"rendered":"https:\/\/paybuy.com.tr\/?product=argon-kaynak-eldiveni-starline-e1306-xxl-1306"},"modified":"2026-02-19T03:11:20","modified_gmt":"2026-02-19T00:11:20","slug":"argon-kaynak-eldiveni-starline-e1306-xxl-1306","status":"publish","type":"product","link":"https:\/\/paybuy.com.tr\/?product=argon-kaynak-eldiveni-starline-e1306-xxl-1306","title":{"rendered":"Argon Kaynak Eldiveni Starline E1306 XXL 1306"},"content":{"rendered":"<p>Starline markas\u0131n\u0131n kaliteli i\u015f g\u00fcvenli\u011fi eldivenlerinden biri olan E-1306 model numaral\u0131 sar\u0131 kaynak eldiveni, kaynak\u00e7\u0131lar i\u00e7in \u00f6zel olarak tasarlanm\u0131\u015ft\u0131r.<\/p>\n<p>Ergonomik yap\u0131s\u0131 ve dayan\u0131kl\u0131 deriden \u00fcretilen bu eldivenler, kaynak i\u015flemleri s\u0131ras\u0131nda ellerinizi korurken ayn\u0131 zamanda rahat hareket etmenizi sa\u011flar. Sar\u0131 rengi ile \u00e7al\u0131\u015fma ortam\u0131nda kolayca farkedilir ve g\u00fcvenli\u011fi art\u0131r\u0131r.<\/p>\n<p>Eldivenin bilek k\u0131sm\u0131ndaki siyah kuma\u015f b\u00f6l\u00fcm, kaynak s\u0131\u00e7ramalar\u0131na kar\u015f\u0131 ek koruma sa\u011flar. \u00d6zel diki\u015fleri ise, uzun s\u00fcreli kullan\u0131mda bile dayan\u0131kl\u0131l\u0131\u011f\u0131 garanti eder. XXL boyutu, geni\u015f bir el i\u00e7in m\u00fckemmel bir uyum sunar.<\/p>\n<p>Teknik \u00d6zellikler:<\/p>\n<p>Model Numaras\u0131: E-1306<br \/>Renk: Sar\u0131 ve Siyah<br \/>Beden: XXL<br \/>Malzeme: Deri<br \/>Kullan\u0131m Alan\u0131: Argon Kaynak \u0130\u015fleri<br \/>\u0130\u015f G\u00fcvenli\u011fi Standard\u0131: CE<\/p>\n<p>Starline E-1306 Argon Kaynak Eldiveni, i\u015f g\u00fcvenli\u011fi ve kalitesiyle kaynak i\u015flerinde en iyi performans\u0131 elde etmenizi sa\u011flar. Dayan\u0131kl\u0131 yap\u0131s\u0131 ve ergonomik tasar\u0131m\u0131 sayesinde uzun s\u00fcreli kullan\u0131mlar i\u00e7in idealdir.  \u00dcr\u00fcn\u00fc hemen sipari\u015f edebilirsiniz.<\/p>\n","protected":false},"excerpt":{"rendered":"<p>Starline markas\u0131n\u0131n kaliteli i\u015f g\u00fcvenli\u011fi eldivenlerinden biri olan E-1306 model numaral\u0131 sar\u0131 kaynak eldiveni, kaynak\u00e7\u0131lar i\u00e7in \u00f6zel olarak tasarlanm\u0131\u015ft\u0131r. Ergonomik yap\u0131s\u0131 ve dayan\u0131kl\u0131 deriden \u00fcretilen bu eldivenler, kaynak i\u015flemleri s\u0131ras\u0131nda ellerinizi korurken ayn\u0131 zamanda rahat hareket etmenizi sa\u011flar. Sar\u0131 rengi ile \u00e7al\u0131\u015fma ortam\u0131nda kolayca farkedilir ve g\u00fcvenli\u011fi art\u0131r\u0131r. Eldivenin bilek k\u0131sm\u0131ndaki siyah kuma\u015f b\u00f6l\u00fcm, kaynak [&#8230;]\n","protected":false},"featured_media":200917,"comment_status":"open","ping_status":"closed","template":"","meta":[],"product_brand":[322],"product_cat":[1044],"product_tag":[],"class_list":{"0":"post-200915","1":"product","2":"type-product","3":"status-publish","4":"has-post-thumbnail","6":"product_brand-paybuy","7":"product_cat-is-eldivenleri","9":"first","10":"instock","11":"taxable","12":"shipping-taxable","13":"purchasable","14":"product-type-variable"},"_links":{"self":[{"href":"https:\/\/paybuy.com.tr\/index.php?rest_route=\/wp\/v2\/product\/200915","targetHints":{"allow":["GET"]}}],"collection":[{"href":"https:\/\/paybuy.com.tr\/index.php?rest_route=\/wp\/v2\/product"}],"about":[{"href":"https:\/\/paybuy.com.tr\/index.php?rest_route=\/wp\/v2\/types\/product"}],"replies":[{"embeddable":true,"href":"https:\/\/paybuy.com.tr\/index.php?rest_route=%2Fwp%2Fv2%2Fcomments&post=200915"}],"wp:featuredmedia":[{"embeddable":true,"href":"https:\/\/paybuy.com.tr\/index.php?rest_route=\/wp\/v2\/media\/200917"}],"wp:attachment":[{"href":"https:\/\/paybuy.com.tr\/index.php?rest_route=%2Fwp%2Fv2%2Fmedia&parent=200915"}],"wp:term":[{"taxonomy":"product_brand","embeddable":true,"href":"https:\/\/paybuy.com.tr\/index.php?rest_route=%2Fwp%2Fv2%2Fproduct_brand&post=200915"},{"taxonomy":"product_cat","embeddable":true,"href":"https:\/\/paybuy.com.tr\/index.php?rest_route=%2Fwp%2Fv2%2Fproduct_cat&post=200915"},{"taxonomy":"product_tag","embeddable":true,"href":"https:\/\/paybuy.com.tr\/index.php?rest_route=%2Fwp%2Fv2%2Fproduct_tag&post=200915"}],"curies":[{"name":"wp","href":"https:\/\/api.w.org\/{rel}","templated":true}]}}