{"id":200443,"date":"2026-02-15T15:26:31","date_gmt":"2026-02-15T12:26:31","guid":{"rendered":"https:\/\/paybuy.com.tr\/?product=havalandirmali-fileli-sapka-shl03-darbe-emici-yuksek-kaski-model-shl"},"modified":"2026-02-25T16:17:10","modified_gmt":"2026-02-25T13:17:10","slug":"havalandirmali-fileli-sapka-shl03-darbe-emici-yuksek-kaski-model-shl","status":"publish","type":"product","link":"https:\/\/paybuy.com.tr\/?product=havalandirmali-fileli-sapka-shl03-darbe-emici-yuksek-kaski-model-shl","title":{"rendered":"Havaland\u0131rmal\u0131 Fileli \u015eapka SHL03 Darbe Emici Y\u00fcksek Kask\u0131 Model Shl"},"content":{"rendered":"<p>Gri renkli, fileli ve havaland\u0131rmal\u0131 tasar\u0131ma sahip bu \u015feapka, hem sportif aktiviteler i\u00e7in hem de g\u00fcnl\u00fck g\u00f6revleri i\u00e7in ideal bir se\u00e7enektir. SHL-03 model numaras\u0131 ile benzersiz bir model olarak sunulan bu \u015feapka, \u00f6zellikle yaz aylar\u0131 i\u00e7in idealdir.<\/p>\n<p>Pamuklu kuma\u015f yap\u0131s\u0131 ile hem rahat hem de dayan\u0131kl\u0131d\u0131r. Fileli yap\u0131s\u0131 sayesinde, terlemeyi en aza indirerek serin ve konforlu kalman\u0131za yard\u0131mc\u0131 olur. Bu sayede spor yaparken veya zorlu \u00e7al\u0131\u015fma ortamlar\u0131nda i\u00e7lerken daha rahat hissedebilirsiniz.<\/p>\n<p>Darbe emici \u00f6zelli\u011fi bulunmamakla birlikte, havaland\u0131rmas\u0131n\u0131n \u00f6zellikleri sayesinde rahat bir deneyim sunar. Yumu\u015fak ve nefes alan yap\u0131s\u0131 sayesinde uzun s\u00fcreli kullan\u0131mlarda bile rahats\u0131z edici bir his yaratmaz. G\u00fcnl\u00fck hizmetlerinde g\u00f6revli personelin kullan\u0131m\u0131 i\u00e7in uygun olabilir.<\/p>\n<p>Bu \u015feapka, modern tasar\u0131m\u0131 ve pratik kullan\u0131m\u0131 ile dikkat \u00e7eker. Hem \u00e7al\u0131\u015fma ortam\u0131nda hem de spor esnas\u0131nda kendinizi g\u00fcnl\u00fcl\u00fcl \u00e7al\u0131\u015ft\u0131r\u0131rl\u0131k i\u00e7in rahat bir ortam sa\u011flayabilir. \u015eapkan\u0131n gri tonu her t\u00fcr kombin i\u00e7in kolayl\u0131kla uyum sa\u011flar. Bu nedenle, hem \u015feksiyonlu hem de pratik bir tercihtir.<\/p>\n<p>Teknik \u00f6zellikler:<\/p>\n","protected":false},"excerpt":{"rendered":"<p>Gri renkli, fileli ve havaland\u0131rmal\u0131 tasar\u0131ma sahip bu \u015feapka, hem sportif aktiviteler i\u00e7in hem de g\u00fcnl\u00fck g\u00f6revleri i\u00e7in ideal bir se\u00e7enektir. SHL-03 model numaras\u0131 ile benzersiz bir model olarak sunulan bu \u015feapka, \u00f6zellikle yaz aylar\u0131 i\u00e7in idealdir. Pamuklu kuma\u015f yap\u0131s\u0131 ile hem rahat hem de dayan\u0131kl\u0131d\u0131r. Fileli yap\u0131s\u0131 sayesinde, terlemeyi en aza indirerek serin ve [&#8230;]\n","protected":false},"featured_media":200445,"comment_status":"open","ping_status":"closed","template":"","meta":[],"product_brand":[322],"product_cat":[1032],"product_tag":[],"class_list":{"0":"post-200443","1":"product","2":"type-product","3":"status-publish","4":"has-post-thumbnail","6":"product_brand-paybuy","7":"product_cat-bas-koruyucular","9":"first","10":"instock","11":"taxable","12":"shipping-taxable","13":"purchasable","14":"product-type-variable"},"_links":{"self":[{"href":"https:\/\/paybuy.com.tr\/index.php?rest_route=\/wp\/v2\/product\/200443","targetHints":{"allow":["GET"]}}],"collection":[{"href":"https:\/\/paybuy.com.tr\/index.php?rest_route=\/wp\/v2\/product"}],"about":[{"href":"https:\/\/paybuy.com.tr\/index.php?rest_route=\/wp\/v2\/types\/product"}],"replies":[{"embeddable":true,"href":"https:\/\/paybuy.com.tr\/index.php?rest_route=%2Fwp%2Fv2%2Fcomments&post=200443"}],"wp:featuredmedia":[{"embeddable":true,"href":"https:\/\/paybuy.com.tr\/index.php?rest_route=\/wp\/v2\/media\/200445"}],"wp:attachment":[{"href":"https:\/\/paybuy.com.tr\/index.php?rest_route=%2Fwp%2Fv2%2Fmedia&parent=200443"}],"wp:term":[{"taxonomy":"product_brand","embeddable":true,"href":"https:\/\/paybuy.com.tr\/index.php?rest_route=%2Fwp%2Fv2%2Fproduct_brand&post=200443"},{"taxonomy":"product_cat","embeddable":true,"href":"https:\/\/paybuy.com.tr\/index.php?rest_route=%2Fwp%2Fv2%2Fproduct_cat&post=200443"},{"taxonomy":"product_tag","embeddable":true,"href":"https:\/\/paybuy.com.tr\/index.php?rest_route=%2Fwp%2Fv2%2Fproduct_tag&post=200443"}],"curies":[{"name":"wp","href":"https:\/\/api.w.org\/{rel}","templated":true}]}}