{"id":192013,"date":"2026-02-15T07:23:16","date_gmt":"2026-02-15T04:23:16","guid":{"rendered":"https:\/\/paybuy.com.tr\/?product=ucgen-desenli-bikini-takimi-sik-detayli-klora-dayanikli-ergonomik-kesim"},"modified":"2026-02-19T00:57:29","modified_gmt":"2026-02-18T21:57:29","slug":"ucgen-desenli-bikini-takimi-sik-detayli-klora-dayanikli-ergonomik-kesim","status":"publish","type":"product","link":"https:\/\/paybuy.com.tr\/?product=ucgen-desenli-bikini-takimi-sik-detayli-klora-dayanikli-ergonomik-kesim","title":{"rendered":"\u00dc\u00e7gen Desenli Bikini Tak\u0131m\u0131 \u015e\u0131k Detayl\u0131 Klora Dayan\u0131kl\u0131 Ergonomik Kesim"},"content":{"rendered":"<p>\u00dc\u00e7gen Desenli Bikini Tak\u0131m\u0131 UV Korumal\u0131 \u015e\u0131k Detayl\u0131 Klora Dayan\u0131kl\u0131 Ergonomik Kesim&#8211;Her gard\u0131ropta olmas\u0131 gereken bu Bikini Tak\u0131m\u0131, kalitesiyle \u00f6ne \u00e7\u0131k\u0131yor. \u00d6zel markas\u0131n\u0131n g\u00fcvencesiyle sunulan bu Bikini Tak\u0131m\u0131, 90% Polyester ve 10% Elastan kullan\u0131larak \u00fcretilmi\u015ftir. Ba\u015fl\u0131ca \u00f6zellikleri aras\u0131nda \u00fc\u00e7gen kesim ile minimalist ve zarif tasar\u0131m ve Desenli yer al\u0131r. Modelin \u00d6l\u00e7\u00fcleri: Boy: 179cm G\u00f6\u011f\u00fcs: 85cm Bel: 60cm Kal\u00e7a: 90cm. &#8212; Mankenin \u00fczerindeki \u00fcr\u00fcn S-36 bedendir.. &#8212; Materyal Bile\u015feni: 90% Polyester,10% Elastan. &#8212; Kuma\u015f Tipi: \u00d6rme. &#8212; \u00dcr\u00fcn\u00fcn\u00fcz\u00fc daha uzun s\u00fcreli kullanabilmeniz ve \u00fcr\u00fcn\u00fcn\u00fcze uygun bak\u0131m yapabilmeniz i\u00e7in l\u00fctfen a\u015fa\u011f\u0131da belirtilen y\u0131kama talimat\u0131na uyunuz.. &#8212; Her kullan\u0131mdan sonra sabunlu \u0131l\u0131k suda elde y\u0131kay\u0131n\u0131z. A\u011fart\u0131c\u0131 ve deterjan kullanmay\u0131n\u0131z.Mayoyu \u0131slak, kapal\u0131, naylon torbada bekletmeyiniz.Tersinden sererek g\u00f6lgede kurutunuz.Florasan renkler g\u00fcne\u015fte solar, klorlu su ve g\u00fcne\u015f ya\u011f\u0131 mayonuzu bozar.. &#8212; \u00dcr\u00fcn atma kapl\u0131d\u0131r, \u00e7\u0131kar\u0131labilir.. &#8212; Arkas\u0131 a\u00e7\u0131k kesimlidir.. &#8212; St\u00fcdyo \u00e7ekimlerinde renkler \u0131\u015f\u0131k farkl\u0131l\u0131\u011f\u0131ndan dolay\u0131 de\u011fi\u015fiklik g\u00f6sterebilir.. &#8212;-Materyal:Polyester Kar\u0131\u015f\u0131ml\u0131 &#8212; Desen:Animal &#8212; Kap:Atma Kap &#8212; Renk:\u00c7ok Renkli &#8212; \u00dcr\u00fcn Detay\u0131:Ba\u011flamal\u0131 &#8212; Kuma\u015f Tipi:\u00d6rme &#8212; \u00dcst Siluet:\u00dc\u00e7gen &#8212; Dokuma Tipi:Parlak &#8212; Kol Boyu:Kolsuz &#8212; Persona:Fashion Forward &#8212; Bel:D\u00fc\u015f\u00fck Bel &#8212; Alt Siluet:Brief &#8212; Materyal Bile\u015feni:90% Polyester, 10% Elastan &#8212; Y\u0131kama Talimat\u0131:T34 &#8212; Ortam:Beachwear &#8212; \u00dcst Kesim:\u00dc\u00e7gen &#8212; Arka A\u00e7\u0131kl\u0131k:A\u00e7\u0131k &#8212; Men\u015fei:TR &#8212; Sezon:Yaz &#8211;.<\/p>\n","protected":false},"excerpt":{"rendered":"<p>\u00dc\u00e7gen Desenli Bikini Tak\u0131m\u0131 UV Korumal\u0131 \u015e\u0131k Detayl\u0131 Klora Dayan\u0131kl\u0131 Ergonomik Kesim&#8211;Her gard\u0131ropta olmas\u0131 gereken bu Bikini Tak\u0131m\u0131, kalitesiyle \u00f6ne \u00e7\u0131k\u0131yor. \u00d6zel markas\u0131n\u0131n g\u00fcvencesiyle sunulan bu Bikini Tak\u0131m\u0131, 90% Polyester ve 10% Elastan kullan\u0131larak \u00fcretilmi\u015ftir. Ba\u015fl\u0131ca \u00f6zellikleri aras\u0131nda \u00fc\u00e7gen kesim ile minimalist ve zarif tasar\u0131m ve Desenli yer al\u0131r. Modelin \u00d6l\u00e7\u00fcleri: Boy: 179cm G\u00f6\u011f\u00fcs: 85cm [&#8230;]\n","protected":false},"featured_media":192019,"comment_status":"open","ping_status":"closed","template":"","meta":[],"product_brand":[322],"product_cat":[1114],"product_tag":[],"class_list":{"0":"post-192013","1":"product","2":"type-product","3":"status-publish","4":"has-post-thumbnail","6":"product_brand-paybuy","7":"product_cat-bikini-takimi","9":"first","10":"instock","11":"taxable","12":"shipping-taxable","13":"purchasable","14":"product-type-variable"},"_links":{"self":[{"href":"https:\/\/paybuy.com.tr\/index.php?rest_route=\/wp\/v2\/product\/192013","targetHints":{"allow":["GET"]}}],"collection":[{"href":"https:\/\/paybuy.com.tr\/index.php?rest_route=\/wp\/v2\/product"}],"about":[{"href":"https:\/\/paybuy.com.tr\/index.php?rest_route=\/wp\/v2\/types\/product"}],"replies":[{"embeddable":true,"href":"https:\/\/paybuy.com.tr\/index.php?rest_route=%2Fwp%2Fv2%2Fcomments&post=192013"}],"wp:featuredmedia":[{"embeddable":true,"href":"https:\/\/paybuy.com.tr\/index.php?rest_route=\/wp\/v2\/media\/192019"}],"wp:attachment":[{"href":"https:\/\/paybuy.com.tr\/index.php?rest_route=%2Fwp%2Fv2%2Fmedia&parent=192013"}],"wp:term":[{"taxonomy":"product_brand","embeddable":true,"href":"https:\/\/paybuy.com.tr\/index.php?rest_route=%2Fwp%2Fv2%2Fproduct_brand&post=192013"},{"taxonomy":"product_cat","embeddable":true,"href":"https:\/\/paybuy.com.tr\/index.php?rest_route=%2Fwp%2Fv2%2Fproduct_cat&post=192013"},{"taxonomy":"product_tag","embeddable":true,"href":"https:\/\/paybuy.com.tr\/index.php?rest_route=%2Fwp%2Fv2%2Fproduct_tag&post=192013"}],"curies":[{"name":"wp","href":"https:\/\/api.w.org\/{rel}","templated":true}]}}