{"id":181239,"date":"2026-02-15T03:44:25","date_gmt":"2026-02-15T00:44:25","guid":{"rendered":"https:\/\/paybuy.com.tr\/?product=kadin-seffaf-bantli-dolgu-topuk-terlik-modern-rahat-tasarim-2"},"modified":"2026-02-18T22:04:11","modified_gmt":"2026-02-18T19:04:11","slug":"kadin-seffaf-bantli-dolgu-topuk-terlik-modern-rahat-tasarim-2","status":"publish","type":"product","link":"https:\/\/paybuy.com.tr\/?product=kadin-seffaf-bantli-dolgu-topuk-terlik-modern-rahat-tasarim-2","title":{"rendered":"Kad\u0131n \u015eeffaf Bantl\u0131 Dolgu Topuk Terlik Modern Rahat Tasar\u0131m"},"content":{"rendered":"<p data-end=\"398\" data-start=\"142\">12 cm dolgu topuk y\u00fcksekli\u011fi ve 3 cm platformu ile hem boyunuzu zarif\u00e7e uzatan hem de g\u00fcn boyu rahatl\u0131k sa\u011flayan bu terlik, \u015feffaf bant detay\u0131yla modern bir g\u00f6r\u00fcn\u00fcm sunar. \u015e\u0131kl\u0131k ve konforu bir arada isteyenler i\u00e7in ideal bir tercih!<\/p>\n<p data-end=\"421\" data-start=\"400\"><strong data-end=\"419\" data-start=\"400\">Kombin \u00f6nerisi:<\/strong><\/p>\n<ul data-end=\"578\" data-start=\"422\">\n<li data-end=\"497\" data-start=\"422\">\n<p data-end=\"497\" data-start=\"424\">Jean \u015fort ve oversize ti\u015f\u00f6rtlerle spor \u015f\u0131k bir stil olu\u015fturabilirsiniz.<\/p>\n<\/li>\n<li data-end=\"578\" data-start=\"498\">\n<p data-end=\"578\" data-start=\"500\">U\u00e7u\u015fan midi elbiselerle yaz ak\u015famlar\u0131n\u0131n favori kombinini tamamlayabilirsiniz.<\/p>\n<\/li>\n<\/ul>\n<p data-end=\"603\" data-start=\"580\"><strong data-end=\"601\" data-start=\"580\">\u00fcr\u00fcn \u00f6zellikleri:<\/strong><\/p>\n<ul data-end=\"760\" data-start=\"604\">\n<li data-end=\"625\" data-start=\"604\">\n<p data-end=\"625\" data-start=\"606\">Topuk Boyu: 12 cm<\/p>\n<\/li>\n<li data-end=\"649\" data-start=\"626\">\n<p data-end=\"649\" data-start=\"628\">Platform Boyu: 3 cm<\/p>\n<\/li>\n<li data-end=\"672\" data-start=\"650\">\n<p data-end=\"672\" data-start=\"652\">\u015eeffaf bant detay\u0131<\/p>\n<\/li>\n<li data-end=\"704\" data-start=\"673\">\n<p data-end=\"704\" data-start=\"675\">Y\u00fcksek dolgu topuk tasar\u0131m\u0131<\/p>\n<\/li>\n<li data-end=\"734\" data-start=\"705\">\n<p data-end=\"734\" data-start=\"707\">Hafif ve dengeli kullan\u0131m<\/p>\n<\/li>\n<li data-end=\"760\" data-start=\"735\">\n<p data-end=\"760\" data-start=\"737\">Rahat i\u00e7 taban yap\u0131s\u0131<\/p>\n<\/li>\n<\/ul>\n<p>Ayakkab\u0131 Beden Tablosu: <br \/> 33 numara: Ayak uzunlu\u011fu 21 cm\u00a0<br \/> 34 numara: Ayak uzunlu\u011fu 21.5 cm\u00a0<br \/> 35 numara: Ayak uzunlu\u011fu 22 cm\u00a0<br \/> 36 numara: Ayak uzunlu\u011fu 22.5 cm\u00a0<br \/> 37 numara: Ayak uzunlu\u011fu 23 cm\u00a0<br \/> 38 numara: Ayak uzunlu\u011fu 23.5 cm\u00a0<br \/> 39 numara: Ayak uzunlu\u011fu 24.5 cm\u00a0<br \/> 40 numara: Ayak uzunlu\u011fu 25 cm\u00a0<br \/> 41 numara: Ayak uzunlu\u011fu 26 cm\u00a0<br \/> 42 numara: Ayak uzunlu\u011fu 27 cm\u00a0<br \/> 43 numara: Ayak uzunlu\u011fu 27.5 cm<\/p>\n","protected":false},"excerpt":{"rendered":"<p>12 cm dolgu topuk y\u00fcksekli\u011fi ve 3 cm platformu ile hem boyunuzu zarif\u00e7e uzatan hem de g\u00fcn boyu rahatl\u0131k sa\u011flayan bu terlik, \u015feffaf bant detay\u0131yla modern bir g\u00f6r\u00fcn\u00fcm sunar. \u015e\u0131kl\u0131k ve konforu bir arada isteyenler i\u00e7in ideal bir tercih! Kombin \u00f6nerisi: Jean \u015fort ve oversize ti\u015f\u00f6rtlerle spor \u015f\u0131k bir stil olu\u015fturabilirsiniz. U\u00e7u\u015fan midi elbiselerle yaz [&#8230;]\n","protected":false},"featured_media":181246,"comment_status":"open","ping_status":"closed","template":"","meta":[],"product_brand":[322],"product_cat":[1070],"product_tag":[],"class_list":{"0":"post-181239","1":"product","2":"type-product","3":"status-publish","4":"has-post-thumbnail","6":"product_brand-paybuy","7":"product_cat-terlik","9":"first","10":"instock","11":"taxable","12":"shipping-taxable","13":"purchasable","14":"product-type-variable"},"_links":{"self":[{"href":"https:\/\/paybuy.com.tr\/index.php?rest_route=\/wp\/v2\/product\/181239","targetHints":{"allow":["GET"]}}],"collection":[{"href":"https:\/\/paybuy.com.tr\/index.php?rest_route=\/wp\/v2\/product"}],"about":[{"href":"https:\/\/paybuy.com.tr\/index.php?rest_route=\/wp\/v2\/types\/product"}],"replies":[{"embeddable":true,"href":"https:\/\/paybuy.com.tr\/index.php?rest_route=%2Fwp%2Fv2%2Fcomments&post=181239"}],"wp:featuredmedia":[{"embeddable":true,"href":"https:\/\/paybuy.com.tr\/index.php?rest_route=\/wp\/v2\/media\/181246"}],"wp:attachment":[{"href":"https:\/\/paybuy.com.tr\/index.php?rest_route=%2Fwp%2Fv2%2Fmedia&parent=181239"}],"wp:term":[{"taxonomy":"product_brand","embeddable":true,"href":"https:\/\/paybuy.com.tr\/index.php?rest_route=%2Fwp%2Fv2%2Fproduct_brand&post=181239"},{"taxonomy":"product_cat","embeddable":true,"href":"https:\/\/paybuy.com.tr\/index.php?rest_route=%2Fwp%2Fv2%2Fproduct_cat&post=181239"},{"taxonomy":"product_tag","embeddable":true,"href":"https:\/\/paybuy.com.tr\/index.php?rest_route=%2Fwp%2Fv2%2Fproduct_tag&post=181239"}],"curies":[{"name":"wp","href":"https:\/\/api.w.org\/{rel}","templated":true}]}}