{"id":140458,"date":"2026-02-13T23:05:55","date_gmt":"2026-02-13T20:05:55","guid":{"rendered":"https:\/\/paybuy.com.tr\/?product=kadin-rahat-yazlik-sebze-desenli-viskon-pijama-takimi-ozel-tasarim"},"modified":"2026-02-18T14:19:48","modified_gmt":"2026-02-18T11:19:48","slug":"kadin-rahat-yazlik-sebze-desenli-viskon-pijama-takimi-ozel-tasarim","status":"publish","type":"product","link":"https:\/\/paybuy.com.tr\/?product=kadin-rahat-yazlik-sebze-desenli-viskon-pijama-takimi-ozel-tasarim","title":{"rendered":"Kad\u0131n Rahat Yazl\u0131k Sebze Desenli Viskon Pijama Tak\u0131m\u0131 \u00d6zel Tasar\u0131m"},"content":{"rendered":"<p>Yaz aylar\u0131n\u0131n s\u0131cak gecelerinde kendinizi serin ve rahat hissetmenizi sa\u011flayacak, nefes alan viskondan \u00fcretilmi\u015f bu \u015f\u0131k pijama tak\u0131m\u0131yla tan\u0131\u015f\u0131n! Pembe ve \u00e7ok renkli ekoseli tasar\u0131m\u0131yla, \u00fczerindeki sevimli sebze bask\u0131lar\u0131yla g\u00f6z al\u0131c\u0131 bir g\u00f6r\u00fcn\u00fcm sunar.; Regular kal\u0131b\u0131yla her v\u00fccut tipine uyum sa\u011flar.; K\u0131sa kollu g\u00f6mle\u011fi ve \u015fortu ile m\u00fckemmel bir uyum sunan bu tak\u0131m, hem evde hem de seyahatlerinizde rahatl\u0131kla kullanabilirsiniz.; %100 viskon kuma\u015f, yumu\u015fak dokusu ve nefes alabilir \u00f6zelli\u011fi ile g\u00fcn boyu konfor sa\u011flar.; Makinede y\u0131kama kolayl\u0131\u011f\u0131 ile pratik bir kullan\u0131m sunar.; Bu tak\u0131m\u0131n \u015f\u0131k tasar\u0131m\u0131, rahatl\u0131\u011f\u0131 ve pratikli\u011fi sayesinde kendinizi \u00f6zel hissedeceksiniz.; E\u015fsiz bir uyku deneyimi i\u00e7in idealdir.; Rahat\u00e7a uyuyun ve dinlenin.; Y\u00fcksek kaliteli viskon kuma\u015f, yumu\u015fak dokusu ve nefes alabilirli\u011fiyle sizi g\u00fcn boyu rahat ettirir.; G\u00f6mle\u011fin standart kol ve g\u00f6mlek yakas\u0131 tasar\u0131m\u0131, \u015fortun regular kal\u0131b\u0131 ve boru pa\u00e7as\u0131 ile m\u00fckemmel bir uyum sunar.; Shally dokuma tipiyle dayan\u0131kl\u0131 ve uzun \u00f6m\u00fcrl\u00fcd\u00fcr.; Evinizde, tatilde veya seyahatlerinizde rahatl\u0131kla kullanabilirsiniz.; \u00c7ekici tasar\u0131m\u0131, keyifli vakit ge\u00e7irmenizi sa\u011flayacak.; Bu iki par\u00e7al\u0131 pijama tak\u0131m\u0131, 38-46 beden aral\u0131\u011f\u0131nda mevcuttur.; Regular boyuyla her v\u00fccut tipine uygundur.; Hem evde rahatlamak, hem de d\u0131\u015far\u0131da kullanmak i\u00e7in uygundur.; \u00dcr\u00fcn\u00fcm\u00fcz\u00fcn i\u00e7erisinde 2 adet \u00fcr\u00fcn bulunmaktad\u0131r.; Y\u0131kama talimat\u0131 i\u00e7in etiketi kontrol edin.; Rahat bir uyku ve g\u00fcn i\u00e7in ideal bir se\u00e7im.; &#8211; Desen: Bask\u0131l\u0131- Kol Tipi: Standart Kol- Yaka Tipi: G\u00f6mlek Yaka- Renk: \u00c7ok Renkli- Alt-\u00dcst Tak\u0131m: G\u00f6mlek-\u015eort- Kol Boyu: K\u0131sa- Kal\u0131p: Regular- Kuma\u015f Tipi: Dokuma- Dokuma Tipi: Shally- Ortam: Lounge\/Home- Materyal Bile\u015feni: 100% Viskoz- Y\u0131kama Talimat\u0131: T52- Pa\u00e7a Tipi: Boru Pa\u00e7a- Paket \u0130\u00e7eri\u011fi: 2li- Boy: Regular- Sezon: Yaz<\/p>\n","protected":false},"excerpt":{"rendered":"<p>Yaz aylar\u0131n\u0131n s\u0131cak gecelerinde kendinizi serin ve rahat hissetmenizi sa\u011flayacak, nefes alan viskondan \u00fcretilmi\u015f bu \u015f\u0131k pijama tak\u0131m\u0131yla tan\u0131\u015f\u0131n! Pembe ve \u00e7ok renkli ekoseli tasar\u0131m\u0131yla, \u00fczerindeki sevimli sebze bask\u0131lar\u0131yla g\u00f6z al\u0131c\u0131 bir g\u00f6r\u00fcn\u00fcm sunar.; Regular kal\u0131b\u0131yla her v\u00fccut tipine uyum sa\u011flar.; K\u0131sa kollu g\u00f6mle\u011fi ve \u015fortu ile m\u00fckemmel bir uyum sunan bu tak\u0131m, hem evde [&#8230;]\n","protected":false},"featured_media":74673,"comment_status":"open","ping_status":"closed","template":"","meta":[],"product_brand":[322],"product_cat":[1067],"product_tag":[],"class_list":{"0":"post-140458","1":"product","2":"type-product","3":"status-publish","4":"has-post-thumbnail","6":"product_brand-paybuy","7":"product_cat-pijama-takimi","9":"first","10":"instock","11":"sale","12":"taxable","13":"shipping-taxable","14":"purchasable","15":"product-type-variable"},"_links":{"self":[{"href":"https:\/\/paybuy.com.tr\/index.php?rest_route=\/wp\/v2\/product\/140458","targetHints":{"allow":["GET"]}}],"collection":[{"href":"https:\/\/paybuy.com.tr\/index.php?rest_route=\/wp\/v2\/product"}],"about":[{"href":"https:\/\/paybuy.com.tr\/index.php?rest_route=\/wp\/v2\/types\/product"}],"replies":[{"embeddable":true,"href":"https:\/\/paybuy.com.tr\/index.php?rest_route=%2Fwp%2Fv2%2Fcomments&post=140458"}],"wp:featuredmedia":[{"embeddable":true,"href":"https:\/\/paybuy.com.tr\/index.php?rest_route=\/wp\/v2\/media\/74673"}],"wp:attachment":[{"href":"https:\/\/paybuy.com.tr\/index.php?rest_route=%2Fwp%2Fv2%2Fmedia&parent=140458"}],"wp:term":[{"taxonomy":"product_brand","embeddable":true,"href":"https:\/\/paybuy.com.tr\/index.php?rest_route=%2Fwp%2Fv2%2Fproduct_brand&post=140458"},{"taxonomy":"product_cat","embeddable":true,"href":"https:\/\/paybuy.com.tr\/index.php?rest_route=%2Fwp%2Fv2%2Fproduct_cat&post=140458"},{"taxonomy":"product_tag","embeddable":true,"href":"https:\/\/paybuy.com.tr\/index.php?rest_route=%2Fwp%2Fv2%2Fproduct_tag&post=140458"}],"curies":[{"name":"wp","href":"https:\/\/api.w.org\/{rel}","templated":true}]}}