{"id":132794,"date":"2026-02-13T18:11:27","date_gmt":"2026-02-13T15:11:27","guid":{"rendered":"https:\/\/paybuy.com.tr\/?product=kadin-moda-sik-siyah-topuklu-ayakkabi-topuklu-zarif-tasarim-dugun-nisan-gece-abiye-ayakkabi"},"modified":"2026-02-18T13:16:18","modified_gmt":"2026-02-18T10:16:18","slug":"kadin-moda-sik-siyah-topuklu-ayakkabi-topuklu-zarif-tasarim-dugun-nisan-gece-abiye-ayakkabi","status":"publish","type":"product","link":"https:\/\/paybuy.com.tr\/?product=kadin-moda-sik-siyah-topuklu-ayakkabi-topuklu-zarif-tasarim-dugun-nisan-gece-abiye-ayakkabi","title":{"rendered":"Kad\u0131n Moda \u015e\u0131k Siyah Topuklu Ayakkab\u0131 Topuklu Zarif Tasar\u0131m D\u00fc\u011f\u00fcn Ni\u015fan Gece Abiye Ayakkab\u0131"},"content":{"rendered":"<p>Kad\u0131n Siyah Topuklu Ayakkab\u0131 modeli, \u015f\u0131kl\u0131\u011f\u0131 ve konforu bir araya getirerek \u00f6zel g\u00fcnler, davetler ve gece organizasyonlar\u0131 i\u00e7in ideal bir tercihtir.; Modern tasar\u0131m\u0131 ve kaliteli yap\u0131s\u0131 sayesinde stilinize zarafet katar.; Topuklu yap\u0131s\u0131yla duru\u015funuzu g\u00fczelle\u015ftirirken, rahat kal\u0131b\u0131 ile g\u00fcn boyu konfor sunar.; Kal\u0131n topuk tasar\u0131m\u0131, g\u00fcn boyu rahatl\u0131k ve stabilite sa\u011flar, uzun s\u00fcreli kullan\u0131mlarda bile ayaklar\u0131n\u0131z\u0131n yorulmas\u0131n\u0131 \u00f6nler.; Orta y\u00fckseklikteki topuk (5. 9 cm), hem \u015f\u0131k bir g\u00f6r\u00fcn\u00fcm sunar hem de konforlu bir y\u00fcr\u00fcy\u00fc\u015f deneyimi vaat eder.; Suni deri materyali, dayan\u0131kl\u0131l\u0131\u011f\u0131 art\u0131r\u0131rken kolay temizlenebilir \u00f6zelli\u011fiyle pratik kullan\u0131m imkan\u0131 tan\u0131r.; Materyal:Suni Deri Topuk Tipi:Kal\u0131n Topuklu Topuk Boyu:Orta Topuklu (5-9 cm) Renk:Siyah Topuk Boyu 9 cm.; Ayakkab\u0131 Beden Tablosu: 33 numara: Ayak uzunlu\u011fu 21 cm 34 numara: Ayak uzunlu\u011fu 21.5 cm 35 numara: Ayak uzunlu\u011fu 22 cm 36 numara: Ayak uzunlu\u011fu 22.5 cm 37 numara: Ayak uzunlu\u011fu 23 cm 38 numara: Ayak uzunlu\u011fu 23.5 cm 39 numara: Ayak uzunlu\u011fu 24.5 cm 40 numara: Ayak uzunlu\u011fu 25 cm 41 numara: Ayak uzunlu\u011fu 26 cm 42 numara: Ayak uzunlu\u011fu 27 cm 43 numara: Ayak uzunlu\u011fu 27.5 cm<\/p>\n","protected":false},"excerpt":{"rendered":"<p>Kad\u0131n Siyah Topuklu Ayakkab\u0131 modeli, \u015f\u0131kl\u0131\u011f\u0131 ve konforu bir araya getirerek \u00f6zel g\u00fcnler, davetler ve gece organizasyonlar\u0131 i\u00e7in ideal bir tercihtir.; Modern tasar\u0131m\u0131 ve kaliteli yap\u0131s\u0131 sayesinde stilinize zarafet katar.; Topuklu yap\u0131s\u0131yla duru\u015funuzu g\u00fczelle\u015ftirirken, rahat kal\u0131b\u0131 ile g\u00fcn boyu konfor sunar.; Kal\u0131n topuk tasar\u0131m\u0131, g\u00fcn boyu rahatl\u0131k ve stabilite sa\u011flar, uzun s\u00fcreli kullan\u0131mlarda bile ayaklar\u0131n\u0131z\u0131n [&#8230;]\n","protected":false},"featured_media":132805,"comment_status":"open","ping_status":"closed","template":"","meta":[],"product_brand":[322],"product_cat":[1025],"product_tag":[],"class_list":{"0":"post-132794","1":"product","2":"type-product","3":"status-publish","4":"has-post-thumbnail","6":"product_brand-paybuy","7":"product_cat-abiye-ayakkabi","9":"first","10":"instock","11":"taxable","12":"shipping-taxable","13":"purchasable","14":"product-type-variable"},"_links":{"self":[{"href":"https:\/\/paybuy.com.tr\/index.php?rest_route=\/wp\/v2\/product\/132794","targetHints":{"allow":["GET"]}}],"collection":[{"href":"https:\/\/paybuy.com.tr\/index.php?rest_route=\/wp\/v2\/product"}],"about":[{"href":"https:\/\/paybuy.com.tr\/index.php?rest_route=\/wp\/v2\/types\/product"}],"replies":[{"embeddable":true,"href":"https:\/\/paybuy.com.tr\/index.php?rest_route=%2Fwp%2Fv2%2Fcomments&post=132794"}],"wp:featuredmedia":[{"embeddable":true,"href":"https:\/\/paybuy.com.tr\/index.php?rest_route=\/wp\/v2\/media\/132805"}],"wp:attachment":[{"href":"https:\/\/paybuy.com.tr\/index.php?rest_route=%2Fwp%2Fv2%2Fmedia&parent=132794"}],"wp:term":[{"taxonomy":"product_brand","embeddable":true,"href":"https:\/\/paybuy.com.tr\/index.php?rest_route=%2Fwp%2Fv2%2Fproduct_brand&post=132794"},{"taxonomy":"product_cat","embeddable":true,"href":"https:\/\/paybuy.com.tr\/index.php?rest_route=%2Fwp%2Fv2%2Fproduct_cat&post=132794"},{"taxonomy":"product_tag","embeddable":true,"href":"https:\/\/paybuy.com.tr\/index.php?rest_route=%2Fwp%2Fv2%2Fproduct_tag&post=132794"}],"curies":[{"name":"wp","href":"https:\/\/api.w.org\/{rel}","templated":true}]}}