{"id":123870,"date":"2026-02-13T15:59:19","date_gmt":"2026-02-13T12:59:19","guid":{"rendered":"https:\/\/paybuy.com.tr\/?product=kadin-altin-bileklik-detayli-topuklu-ayakkabi-sivri-burun-ince-topuk-model"},"modified":"2026-02-18T12:20:07","modified_gmt":"2026-02-18T09:20:07","slug":"kadin-altin-bileklik-detayli-topuklu-ayakkabi-sivri-burun-ince-topuk-model","status":"publish","type":"product","link":"https:\/\/paybuy.com.tr\/?product=kadin-altin-bileklik-detayli-topuklu-ayakkabi-sivri-burun-ince-topuk-model","title":{"rendered":"Kad\u0131n Alt\u0131n Bileklik Detayl\u0131 Topuklu Ayakkab\u0131 Sivri Burun \u0130nce Topuk Model"},"content":{"rendered":"<p>Bilekte yer alan alt\u0131n bileklik formundaki detay bu ayakkab\u0131y\u0131 klasik bir stilettonun \u00f6tesine ta\u015f\u0131r Kadife g\u00f6r\u00fcn\u00fcml\u00fc y\u00fczeyi ile feminen bir duru\u015f sunarken ince topuk ve sivri burun formu zarafeti ad\u0131mlar\u0131n\u0131za ta\u015f\u0131r Hem g\u00fcnd\u00fczden geceye ge\u00e7i\u015f kombinlerinde hem \u00f6zel davetlerde t\u00fcm bak\u0131\u015flar\u0131 \u00fczerinize \u00e7eker \u00fcr\u00fcn \u00f6zellikleri Alt\u0131n bileklik detayl\u0131 bilek tasar\u0131m\u0131 ile dikkat \u00e7ekici stil Sivri burun formu ile zarif ayak duru\u015fu \u0130nce topuk yap\u0131s\u0131 ile feminen ve dengeli g\u00f6r\u00fcn\u00fcm Kadife g\u00f6r\u00fcn\u00fcml\u00fc y\u00fczey ile yumu\u015fak ve sofistike hava Hem klasik hem iddial\u0131 kombinlere uyumlu Kombin \u00f6nerileri K\u0131sa beyaz etek ve saten g\u00f6mlekle bileklik detay\u0131n\u0131 \u00f6ne \u00e7\u0131kar Dar pa\u00e7a pantolon ve blazer ceketle \u015fehirli ve g\u00fc\u00e7l\u00fc bir g\u00f6r\u00fcn\u00fcm yakala S\u0131rt dekolteli sade elbiseyle ayakkab\u0131y\u0131 odak noktas\u0131 haline getir Topuk Boyu: 10 cm Taban: Petli (Yumu\u015fak) \u0130\u00e7 Taban Materyal: Suni Deri \u0130\u00e7 Astar: Anti Bakteriyel i\u00e7 Astar \u00fcretim: %100 Yerli \u00fcretim Ayakkab\u0131 Beden Tablosu: 33 numara: Ayak uzunlu\u011fu 21 cm 34 numara: Ayak uzunlu\u011fu 21.5 cm 35 numara: Ayak uzunlu\u011fu 22 cm 36 numara: Ayak uzunlu\u011fu 22.5 cm 37 numara: Ayak uzunlu\u011fu 23 cm 38 numara: Ayak uzunlu\u011fu 23.5 cm 39 numara: Ayak uzunlu\u011fu 24.5 cm 40 numara: Ayak uzunlu\u011fu 25 cm 41 numara: Ayak uzunlu\u011fu 26 cm 42 numara: Ayak uzunlu\u011fu 27 cm 43 numara: Ayak uzunlu\u011fu 27.5 cm<\/p>\n","protected":false},"excerpt":{"rendered":"<p>Bilekte yer alan alt\u0131n bileklik formundaki detay bu ayakkab\u0131y\u0131 klasik bir stilettonun \u00f6tesine ta\u015f\u0131r Kadife g\u00f6r\u00fcn\u00fcml\u00fc y\u00fczeyi ile feminen bir duru\u015f sunarken ince topuk ve sivri burun formu zarafeti ad\u0131mlar\u0131n\u0131za ta\u015f\u0131r Hem g\u00fcnd\u00fczden geceye ge\u00e7i\u015f kombinlerinde hem \u00f6zel davetlerde t\u00fcm bak\u0131\u015flar\u0131 \u00fczerinize \u00e7eker \u00fcr\u00fcn \u00f6zellikleri Alt\u0131n bileklik detayl\u0131 bilek tasar\u0131m\u0131 ile dikkat \u00e7ekici stil Sivri [&#8230;]\n","protected":false},"featured_media":123883,"comment_status":"open","ping_status":"closed","template":"","meta":[],"product_brand":[322],"product_cat":[1025],"product_tag":[],"class_list":{"0":"post-123870","1":"product","2":"type-product","3":"status-publish","4":"has-post-thumbnail","6":"product_brand-paybuy","7":"product_cat-abiye-ayakkabi","9":"first","10":"instock","11":"taxable","12":"shipping-taxable","13":"purchasable","14":"product-type-variable"},"_links":{"self":[{"href":"https:\/\/paybuy.com.tr\/index.php?rest_route=\/wp\/v2\/product\/123870","targetHints":{"allow":["GET"]}}],"collection":[{"href":"https:\/\/paybuy.com.tr\/index.php?rest_route=\/wp\/v2\/product"}],"about":[{"href":"https:\/\/paybuy.com.tr\/index.php?rest_route=\/wp\/v2\/types\/product"}],"replies":[{"embeddable":true,"href":"https:\/\/paybuy.com.tr\/index.php?rest_route=%2Fwp%2Fv2%2Fcomments&post=123870"}],"wp:featuredmedia":[{"embeddable":true,"href":"https:\/\/paybuy.com.tr\/index.php?rest_route=\/wp\/v2\/media\/123883"}],"wp:attachment":[{"href":"https:\/\/paybuy.com.tr\/index.php?rest_route=%2Fwp%2Fv2%2Fmedia&parent=123870"}],"wp:term":[{"taxonomy":"product_brand","embeddable":true,"href":"https:\/\/paybuy.com.tr\/index.php?rest_route=%2Fwp%2Fv2%2Fproduct_brand&post=123870"},{"taxonomy":"product_cat","embeddable":true,"href":"https:\/\/paybuy.com.tr\/index.php?rest_route=%2Fwp%2Fv2%2Fproduct_cat&post=123870"},{"taxonomy":"product_tag","embeddable":true,"href":"https:\/\/paybuy.com.tr\/index.php?rest_route=%2Fwp%2Fv2%2Fproduct_tag&post=123870"}],"curies":[{"name":"wp","href":"https:\/\/api.w.org\/{rel}","templated":true}]}}