{"id":79311,"date":"2026-01-26T14:26:10","date_gmt":"2026-01-26T11:26:10","guid":{"rendered":"https:\/\/paybuy.com.tr\/?page_id=79311"},"modified":"2026-01-26T17:54:30","modified_gmt":"2026-01-26T14:54:30","slug":"iletisim","status":"publish","type":"page","link":"https:\/\/paybuy.com.tr\/?page_id=79311","title":{"rendered":"\u0130leti\u015fim"},"content":{"rendered":"<p><iframe src=\"https:\/\/www.google.com\/maps\/embed?pb=!1m18!1m12!1m3!1d3012.100623267833!2d29.10565827631845!3d40.97927742120967!2m3!1f0!2f0!3f0!3m2!1i1024!2i768!4f13.1!3m3!1m2!1s0x14cac638e145fa09%3A0x294714ce0e30cc4c!2zS8O8w6fDvGtiYWtrYWxrw7Z5LCBLYXnEscWfZGHEn8SxIENkLiBObzogMzcgRDozNSwgMzQ3NTAgQXRhxZ9laGlyL8Swc3RhbmJ1bA!5e0!3m2!1str!2str!4v1769429153675!5m2!1str!2str\" width=\"100%\" height=\"450\" style=\"border:0;\" allowfullscreen=\"\" loading=\"lazy\" referrerpolicy=\"no-referrer-when-downgrade\"><\/iframe><\/p>\n<div class=\"row row-large\" style=\"max-width:1400px\" id=\"row-1800618508\">\n<div id=\"col-1262864297\" class=\"col small-12 large-12\"  >\n<div class=\"col-inner\" style=\"background-color:rgb(255, 255, 255);\" >\n<div class=\"row row-collapse row-full-width\"  id=\"row-339469489\">\n<div id=\"col-665678240\" class=\"col medium-12 small-12 large-6\"  >\n<div class=\"col-inner box-shadow-2\"  data-parallax-fade=\"true\" data-parallax=\"1\">\n<h2><span style=\"font-size: 120%;\">\u0130leti\u015fim Bilgileri<\/span><\/h2>\n<div id=\"gap-917127353\" class=\"gap-element clearfix\" style=\"display:block; height:auto;\">\n<style>\n#gap-917127353 {\n  padding-top: 20px;\n}\n@media (min-width:550px) {\n  #gap-917127353 {\n    padding-top: 20px;\n  }\n}\n@media (min-width:850px) {\n  #gap-917127353 {\n    padding-top: 30px;\n  }\n}\n<\/style>\n<\/p><\/div>\n<div class=\"row\"  id=\"row-1810280087\">\n<div id=\"col-600774167\" class=\"col medium-9 small-12 large-9\"  >\n<div class=\"col-inner\"  >\n<div class=\"is-border\"\n\t\tstyle=\"border-width:0px 0px 2px 0px;margin:0px 0px 0px 0px;\">\n\t<\/div>\n<div class=\"icon-box featured-box icon-box-left text-left\"  >\n<div class=\"icon-box-img\" style=\"width: 39px\">\n<div class=\"icon\">\n<div class=\"icon-inner\" >\n\t\t\t\t\t\t<img loading=\"lazy\" decoding=\"async\" width=\"400\" height=\"400\" src=\"https:\/\/paybuy.com.tr\/wp-content\/uploads\/2026\/01\/placeholder-400x400.png\" class=\"attachment-medium size-medium\" alt=\"\" srcset=\"https:\/\/paybuy.com.tr\/wp-content\/uploads\/2026\/01\/placeholder-400x400.png 400w, https:\/\/paybuy.com.tr\/wp-content\/uploads\/2026\/01\/placeholder-100x100.png 100w, https:\/\/paybuy.com.tr\/wp-content\/uploads\/2026\/01\/placeholder-500x500.png 500w, https:\/\/paybuy.com.tr\/wp-content\/uploads\/2026\/01\/placeholder-280x280.png 280w, https:\/\/paybuy.com.tr\/wp-content\/uploads\/2026\/01\/placeholder.png 512w\" sizes=\"auto, (max-width: 400px) 100vw, 400px\" \/>\t\t\t\t\t<\/div>\n<\/p><\/div>\n<\/p><\/div>\n<div class=\"icon-box-text last-reset\">\n<h3>Ma\u011faza Adresi<\/h3>\n<p>K.bakkalk\u00f6y mah. Kay\u0131\u015fda\u011f\u0131 cad. No:37\/35 Ata\u015fehir \u0130stanbul 34750<\/p>\n<\/p><\/div>\n<\/p><\/div>\n<\/p><\/div>\n<style>\n#col-600774167 > .col-inner {\n  padding: 0px 0px 15px 0px;\n  margin: 0px 0px 0px 0px;\n}\n<\/style>\n<\/p><\/div>\n<div id=\"col-875857597\" class=\"col medium-9 small-12 large-9\"  >\n<div class=\"col-inner\"  >\n<div class=\"is-border\"\n\t\tstyle=\"border-width:0px 0px 2px 0px;margin:0px 0px 0px 0px;\">\n\t<\/div>\n<div class=\"icon-box featured-box icon-box-left text-left\"  >\n<div class=\"icon-box-img\" style=\"width: 39px\">\n<div class=\"icon\">\n<div class=\"icon-inner\" >\n\t\t\t\t\t\t<img loading=\"lazy\" decoding=\"async\" width=\"400\" height=\"400\" src=\"https:\/\/paybuy.com.tr\/wp-content\/uploads\/2026\/01\/clock-400x400.png\" class=\"attachment-medium size-medium\" alt=\"\" srcset=\"https:\/\/paybuy.com.tr\/wp-content\/uploads\/2026\/01\/clock-400x400.png 400w, https:\/\/paybuy.com.tr\/wp-content\/uploads\/2026\/01\/clock-100x100.png 100w, https:\/\/paybuy.com.tr\/wp-content\/uploads\/2026\/01\/clock-500x500.png 500w, https:\/\/paybuy.com.tr\/wp-content\/uploads\/2026\/01\/clock-280x280.png 280w, https:\/\/paybuy.com.tr\/wp-content\/uploads\/2026\/01\/clock.png 512w\" sizes=\"auto, (max-width: 400px) 100vw, 400px\" \/>\t\t\t\t\t<\/div>\n<\/p><\/div>\n<\/p><\/div>\n<div class=\"icon-box-text last-reset\">\n<h3>\u00c7al\u0131\u015fma Saatleri<br \/>\n<\/h3>\n<p>Pazartesi &#8211; Cuma: 10:00 &#8211; 20:00<br \/>\nHafta Sonu: 12:00 &#8211; 16:00<\/p>\n<\/p><\/div>\n<\/p><\/div>\n<\/p><\/div>\n<style>\n#col-875857597 > .col-inner {\n  padding: 0px 0px 15px 0px;\n  margin: 0px 0px 0px 0px;\n}\n<\/style>\n<\/p><\/div>\n<div id=\"col-572197137\" class=\"col medium-9 small-12 large-9\"  >\n<div class=\"col-inner\"  >\n<div class=\"is-border\"\n\t\tstyle=\"border-width:0px 0px 2px 0px;margin:0px 0px 0px 0px;\">\n\t<\/div>\n<div class=\"icon-box featured-box icon-box-left text-left\"  >\n<div class=\"icon-box-img\" style=\"width: 39px\">\n<div class=\"icon\">\n<div class=\"icon-inner\" >\n\t\t\t\t\t\t<img loading=\"lazy\" decoding=\"async\" width=\"400\" height=\"400\" src=\"https:\/\/paybuy.com.tr\/wp-content\/uploads\/2026\/01\/mail-400x400.png\" class=\"attachment-medium size-medium\" alt=\"\" srcset=\"https:\/\/paybuy.com.tr\/wp-content\/uploads\/2026\/01\/mail-400x400.png 400w, https:\/\/paybuy.com.tr\/wp-content\/uploads\/2026\/01\/mail-100x100.png 100w, https:\/\/paybuy.com.tr\/wp-content\/uploads\/2026\/01\/mail-500x500.png 500w, https:\/\/paybuy.com.tr\/wp-content\/uploads\/2026\/01\/mail-280x280.png 280w, https:\/\/paybuy.com.tr\/wp-content\/uploads\/2026\/01\/mail.png 512w\" sizes=\"auto, (max-width: 400px) 100vw, 400px\" \/>\t\t\t\t\t<\/div>\n<\/p><\/div>\n<\/p><\/div>\n<div class=\"icon-box-text last-reset\">\n<h3>E-Posta<\/h3>\n<p>info@paybuy.com.tr<\/p>\n<\/p><\/div>\n<\/p><\/div>\n<\/p><\/div>\n<style>\n#col-572197137 > .col-inner {\n  padding: 0px 0px 15px 0px;\n  margin: 0px 0px 0px 0px;\n}\n<\/style>\n<\/p><\/div>\n<div id=\"col-532033008\" class=\"col medium-9 small-12 large-9\"  >\n<div class=\"col-inner\"  >\n<div class=\"is-border\"\n\t\tstyle=\"border-width:0px 0px 0px 0px;margin:0px 0px 0px 0px;\">\n\t<\/div>\n<div class=\"icon-box featured-box icon-box-left text-left\"  >\n<div class=\"icon-box-img\" style=\"width: 39px\">\n<div class=\"icon\">\n<div class=\"icon-inner\" >\n\t\t\t\t\t\t<img loading=\"lazy\" decoding=\"async\" width=\"400\" height=\"400\" src=\"https:\/\/paybuy.com.tr\/wp-content\/uploads\/2026\/01\/whatsapp-400x400.png\" class=\"attachment-medium size-medium\" alt=\"\" srcset=\"https:\/\/paybuy.com.tr\/wp-content\/uploads\/2026\/01\/whatsapp-400x400.png 400w, https:\/\/paybuy.com.tr\/wp-content\/uploads\/2026\/01\/whatsapp-100x100.png 100w, https:\/\/paybuy.com.tr\/wp-content\/uploads\/2026\/01\/whatsapp-500x500.png 500w, https:\/\/paybuy.com.tr\/wp-content\/uploads\/2026\/01\/whatsapp-280x280.png 280w, https:\/\/paybuy.com.tr\/wp-content\/uploads\/2026\/01\/whatsapp.png 512w\" sizes=\"auto, (max-width: 400px) 100vw, 400px\" \/>\t\t\t\t\t<\/div>\n<\/p><\/div>\n<\/p><\/div>\n<div class=\"icon-box-text last-reset\">\n<h3>Whatsapp<\/h3>\n<p>0 553 854 02 50<\/p>\n<\/p><\/div>\n<\/p><\/div>\n<\/p><\/div>\n<style>\n#col-532033008 > .col-inner {\n  padding: 0px 0px 15px 0px;\n  margin: 0px 0px 0px 0px;\n}\n<\/style>\n<\/p><\/div>\n<\/div><\/div>\n<style>\n#col-665678240 > .col-inner {\n  padding: 0px 0px 0px 20px;\n}\n<\/style>\n<\/p><\/div>\n<div id=\"col-38588007\" class=\"col medium-12 small-12 large-6\"  >\n<div class=\"col-inner\" style=\"background-color:rgb(241, 241, 244);\" >\n<h2><span style=\"font-size: 120%;\">Bize Ula\u015f\u0131n<\/span><\/h2>\n<div id=\"gap-1843497965\" class=\"gap-element clearfix\" style=\"display:block; height:auto;\">\n<style>\n#gap-1843497965 {\n  padding-top: 20px;\n}\n@media (min-width:550px) {\n  #gap-1843497965 {\n    padding-top: 20px;\n  }\n}\n@media (min-width:850px) {\n  #gap-1843497965 {\n    padding-top: 30px;\n  }\n}\n<\/style>\n<\/p><\/div>\n[contact-form-7 id=&#8221;28&#8243;]<\/div>\n<\/p><\/div>\n<style>\n#row-339469489 > .col > .col-inner {\n  padding: 30px 15px 0px 15px;\n}\n<\/style>\n<\/div><\/div>\n<style>\n#col-1262864297 > .col-inner {\n  padding: 50px 20px 0px 20px;\n  margin: -0 0px 0px 0px;\n}\n@media (min-width:550px) {\n  #col-1262864297 > .col-inner {\n    padding: 50px 20px 30px 20px;\n    margin: 0 0px 0px 0px;\n  }\n}\n@media (min-width:850px) {\n  #col-1262864297 > .col-inner {\n    padding: 0px 0px 0px 0px;\n    margin: 0px 0px 0px 0px;\n  }\n}\n<\/style>\n<\/p><\/div>\n<style>\n#row-1800618508 > .col > .col-inner {\n  padding: 0px 0px 0px 0px;\n}\n<\/style>\n<\/div>\n","protected":false},"excerpt":{"rendered":"","protected":false},"author":4,"featured_media":0,"parent":0,"menu_order":0,"comment_status":"closed","ping_status":"closed","template":"","meta":{"footnotes":""},"class_list":["post-79311","page","type-page","status-publish","hentry"],"_links":{"self":[{"href":"https:\/\/paybuy.com.tr\/index.php?rest_route=\/wp\/v2\/pages\/79311","targetHints":{"allow":["GET"]}}],"collection":[{"href":"https:\/\/paybuy.com.tr\/index.php?rest_route=\/wp\/v2\/pages"}],"about":[{"href":"https:\/\/paybuy.com.tr\/index.php?rest_route=\/wp\/v2\/types\/page"}],"author":[{"embeddable":true,"href":"https:\/\/paybuy.com.tr\/index.php?rest_route=\/wp\/v2\/users\/4"}],"replies":[{"embeddable":true,"href":"https:\/\/paybuy.com.tr\/index.php?rest_route=%2Fwp%2Fv2%2Fcomments&post=79311"}],"version-history":[{"count":5,"href":"https:\/\/paybuy.com.tr\/index.php?rest_route=\/wp\/v2\/pages\/79311\/revisions"}],"predecessor-version":[{"id":79393,"href":"https:\/\/paybuy.com.tr\/index.php?rest_route=\/wp\/v2\/pages\/79311\/revisions\/79393"}],"wp:attachment":[{"href":"https:\/\/paybuy.com.tr\/index.php?rest_route=%2Fwp%2Fv2%2Fmedia&parent=79311"}],"curies":[{"name":"wp","href":"https:\/\/api.w.org\/{rel}","templated":true}]}}